{"id":144,"date":"2019-09-03T12:16:43","date_gmt":"2019-09-03T15:16:43","guid":{"rendered":"http:\/\/themes.easysite.by\/photolio\/?page_id=144"},"modified":"2024-01-17T09:27:19","modified_gmt":"2024-01-17T12:27:19","slug":"sobre-nos","status":"publish","type":"page","link":"https:\/\/mytop.com.br\/index.php\/sobre-nos\/","title":{"rendered":"QUEM SOMOS"},"content":{"rendered":"<h2><span class=\"has-inline-color\">MYTOP BRASIL <\/span><\/h2>\nH\u00e1 25 anos, oferecendo solu\u00e7\u00f5es em projetos tecnol\u00f3gicos especializados em infraestrutura, redes Wifi e Mesh para voc\u00ea ter uma internet r\u00e1pida e dedicada, controle \u00fanico das tvs conectadas, projetos de monitoramento com c\u00e2meras de seguran\u00e7a que voc\u00ea acessa via aplicativo, cortinas e\u00a0 persianas motorizadas,\u00a0 sala de home theater com efeitos, sala de cinema, controle das luzes com fun\u00e7\u00e3o dimeriza\u00e7\u00e3o e cenas , controle das m\u00e1quinas de ar condicionado, som ambiente e sonoriza\u00e7\u00e3o especial , solu\u00e7\u00e3o com rack t\u00e9cnico estruturado para voc\u00ea ter uma rede de dados funcional e organizada.\n\nA marca continua, at\u00e9 aos dias de hoje, a conquistar clientes que querem o melhor do melhor, tendo alcan\u00e7ado a lista das marcas mais fi\u00e1veis.\n\nEm 2024 a empresa tem como foco principal o desenvolvimento de software, onde ser\u00e1 a atua\u00e7\u00e3o principal da empresa.\n\nA Automa\u00e7\u00e3o residencial americana, continua a ser a imagem de conquistas significativas da MyTop, embora tenha nos \u00faltimos 10 anos, um p\u00fablico novo, introduzidos dentro do segmento premium de casas inteligentes, exigem o mais alto n\u00edvel de servi\u00e7o mano-habilidoso.\n<h2><span class=\"has-inline-color\">MISS\u00c3O , VIS\u00c3O E VALORES\u00a0<\/span><\/h2>\nCompromisso, Excel\u00eancia no atendimento e Veracidade.\n<h2><span class=\"has-inline-color\">MARCAS <\/span><\/h2>\n<span style=\"font-size: inherit;\">Representamos as melhores marcas do mundo, e temos uma equipe capacitada <\/span>para prestar servi\u00e7os de excel\u00eancia proporcionando aos clientes uma negocia\u00e7\u00e3o\nsegura e profissional.\n<h2><span class=\"has-inline-color\">ATENDIMENTO<\/span><\/h2>\nNosso atendimento \u00e9 exclusivo e requer pr\u00e9vio agendamento. Ser\u00e1 um prazer receber voc\u00ea !\n\n<!-- \/wp:gallery -->\n\n<!-- wp:heading -->\n\n<!-- wp:gallery {\"ids\":[null,null,null],\"columns\":1,\"linkTo\":\"none\"} -->\n<figure class=\"wp-block-gallery columns-1 is-cropped\">\n<ul class=\"blocks-gallery-grid\">\n \t<li class=\"blocks-gallery-item\">\n<figure><img data-id=\"\" \/><\/figure>\n<\/li>\n \t<li class=\"blocks-gallery-item\">\n<figure><img data-id=\"\" \/><\/figure>\n<\/li>\n<\/ul>\n<\/figure>\n<div class=\"wp-block-columns\">\n<div class=\"wp-block-column\" style=\"flex-basis: 100%;\"><\/div>\n<\/div>\n<!-- \/wp:columns -->\n\n<!-- wp:paragraph -->\n\n<!-- \/wp:paragraph -->\n\n<!-- wp:image {\"id\":1637,\"sizeSlug\":\"large\",\"linkDestination\":\"none\"} -->\n<figure class=\"wp-block-image size-large\"><img loading=\"lazy\" width=\"1024\" height=\"768\" class=\"wp-image-1637\" src=\"https:\/\/mytop.com.br\/wp-content\/uploads\/2021\/04\/8271b0edb949fb8b720847c9cbfc6a0d-1-1024x768.jpg\" alt=\"\" srcset=\"https:\/\/mytop.com.br\/wp-content\/uploads\/2021\/04\/8271b0edb949fb8b720847c9cbfc6a0d-1-1024x768.jpg 1024w, https:\/\/mytop.com.br\/wp-content\/uploads\/2021\/04\/8271b0edb949fb8b720847c9cbfc6a0d-1-300x225.jpg 300w, https:\/\/mytop.com.br\/wp-content\/uploads\/2021\/04\/8271b0edb949fb8b720847c9cbfc6a0d-1-768x576.jpg 768w, https:\/\/mytop.com.br\/wp-content\/uploads\/2021\/04\/8271b0edb949fb8b720847c9cbfc6a0d-1-400x300.jpg 400w, https:\/\/mytop.com.br\/wp-content\/uploads\/2021\/04\/8271b0edb949fb8b720847c9cbfc6a0d-1-600x450.jpg 600w, https:\/\/mytop.com.br\/wp-content\/uploads\/2021\/04\/8271b0edb949fb8b720847c9cbfc6a0d-1-900x675.jpg 900w, https:\/\/mytop.com.br\/wp-content\/uploads\/2021\/04\/8271b0edb949fb8b720847c9cbfc6a0d-1.jpg 1200w\" sizes=\"(max-width: 1024px) 100vw, 1024px\" \/><\/figure>\n<!-- \/wp:image -->","protected":false},"excerpt":{"rendered":"<p>MYTOP BRASIL H\u00e1 25 anos, oferecendo solu\u00e7\u00f5es em projetos tecnol\u00f3gicos especializados em infraestrutura, redes Wifi e Mesh para voc\u00ea ter uma internet r\u00e1pida e dedicada, controle \u00fanico das tvs conectadas, projetos de monitoramento com c\u00e2meras de seguran\u00e7a que voc\u00ea acessa via aplicativo, cortinas e\u00a0 persianas motorizadas,\u00a0 sala de home theater com efeitos, sala de cinema, [&hellip;]<\/p>\n","protected":false},"author":1,"featured_media":1637,"parent":0,"menu_order":0,"comment_status":"closed","ping_status":"closed","template":"","meta":[],"_links":{"self":[{"href":"https:\/\/mytop.com.br\/index.php\/wp-json\/wp\/v2\/pages\/144"}],"collection":[{"href":"https:\/\/mytop.com.br\/index.php\/wp-json\/wp\/v2\/pages"}],"about":[{"href":"https:\/\/mytop.com.br\/index.php\/wp-json\/wp\/v2\/types\/page"}],"author":[{"embeddable":true,"href":"https:\/\/mytop.com.br\/index.php\/wp-json\/wp\/v2\/users\/1"}],"replies":[{"embeddable":true,"href":"https:\/\/mytop.com.br\/index.php\/wp-json\/wp\/v2\/comments?post=144"}],"version-history":[{"count":41,"href":"https:\/\/mytop.com.br\/index.php\/wp-json\/wp\/v2\/pages\/144\/revisions"}],"predecessor-version":[{"id":2049,"href":"https:\/\/mytop.com.br\/index.php\/wp-json\/wp\/v2\/pages\/144\/revisions\/2049"}],"wp:featuredmedia":[{"embeddable":true,"href":"https:\/\/mytop.com.br\/index.php\/wp-json\/wp\/v2\/media\/1637"}],"wp:attachment":[{"href":"https:\/\/mytop.com.br\/index.php\/wp-json\/wp\/v2\/media?parent=144"}],"curies":[{"name":"wp","href":"https:\/\/api.w.org\/{rel}","templated":true}]}}